t x be q(6). Let v = x - -15. List the prime factors of v.
5
Suppose 0 = -m + 2*m - 150. List the prime factors of (-2 + m/21)/((-1)/(-7)).
2, 3
Suppose -65*l + 68*l - 2*b - 3978 = 0, -b = 2*l - 2659. What are the prime factors of l?
2, 83
Let l(t) = t**2 - t + 1. Let c be l(2). Let i(o) = o. Let q be i(c). Suppose -5*u = -20, 5*b = 2*u + q*u + 60. List the prime factors of b.
2
Suppose -2*s + s = -3*m - 29, s - 5*m - 33 = 0. List the prime factors of (-3 + 7 + 1)*s.
5, 23
Let i = -14 - -16. Let g be (-2)/(-6) - (-224)/3. Suppose 0 = i*z + z - g. What are the prime factors of z?
5
Suppose 124*f - 4885 = 119*f. List the prime factors of f.
977
Let z(t) = t**2 + 9*t - 8. Suppose 0 = -5*v - 45 - 20. What are the prime factors of z(v)?
2, 11
Let l(d) = 192*d - 3. What are the prime factors of l(3)?
3, 191
Let x = -1664 + 1786. List the prime factors of x.
2, 61
Let w = 8 + -10. Let b = w + -15. Let z = b - -22. List the prime factors of z.
5
What are the prime factors of -3 + (-5 - -9) + (-2 - -21)?
2, 5
Let w(j) = -j**2 - 4*j + 18. Let y be w(-8). List the prime factors of (15 + y)*(-1 + 48)*2.
2, 47
Let o(r) = 19*r**2 - 28*r + 86. List the prime factors of o(4).
2, 139
Let u = -6 + 8. Let b(r) = -u*r**3 - 2*r**3 - r**3 + r**2. What are the prime factors of b(-1)?
2, 3
Let l = 201 + 725. What are the prime factors of l?
2, 463
Suppose 2*a = -5*n + 28, 3*n = -2*n + 20. Let r = 19 + a. What are the prime factors of r?
23
Let p(f) = 557*f - 5. Let u be p(-5). Let k be ((-15)/5)/(1 - 159/162). List the prime factors of u/k - (-4)/(-18).
17
Suppose 118*i + 7260 = 128*i. What are the prime factors of i?
2, 3, 11
Let l = -1224 + 2529. List the prime factors of l.
3, 5, 29
Suppose 4*z + 1 = -0*z - b, -5 = 5*b. Suppose -5*o + 3*o + 72 = z. Let d = o + -19. List the prime factors of d.
17
Let s(u) = u + 6. Let k be s(-22). Let x(h) = -8*h - 39. List the prime factors of x(k).
89
Suppose y = 5*c + 2316, 5*y - 8*c + 9*c = 11476. List the prime factors of y.
2, 7, 41
Let g = -821 - -399. Let r = 702 + g. What are the prime factors of r?
2, 5, 7
Suppose 3*y = -181 - 461. List the prime factors of (-1 - -2)*(-4 - (y - -3)).
3, 23
Suppose -a = 4*a - 1180. List the prime factors of 4/(-26) + a/13.
2, 3
Suppose 17*y - 1914 = 13*y - a, 2*a = 4*y - 1920. List the prime factors of y.
479
Let j(u) = u**3 - 17*u**2 - u + 11. Let k be j(17). List the prime factors of ((-4)/k)/(18/405).
3, 5
Let k = 281 - -85. Suppose 7*v - v - k = 0. What are the prime factors of v?
61
Let z(w) be the third derivative of -w**6/120 - w**5/10 + 17*w**4/24 + 5*w**3/3 + 18*w**2. What are the prime factors of z(-8)?
2
Let q be 19/(-6) - 3/(-18) - 1. What are the prime factors of 51 - ((-12)/(-4) - 0) - q?
2, 13
Suppose -9*l + 11*l = -10. Let m be ((-112)/(-20))/((-1)/l). Suppose d - 7 = m. List the prime factors of d.
5, 7
Let g(b) = 43*b**2 + 1. Let p(a) = a**2 - 10*a + 20. Let k be p(7). List the prime factors of g(k).
2, 11
Let h = 71 + -80. Let k = h - -183. What are the prime factors of k?
2, 3, 29
Let k = 1367 - 549. List the prime factors of k.
2, 409
Let k be (5 - (4 + 0))*4. Suppose 793 - 165 = k*t + 3*l, -2*t + 3*l + 296 = 0. What are the prime factors of t?
2, 7, 11
Suppose 2*y - 176 = 1084. Suppose -48 - y = -3*i. What are the prime factors of i?
2, 113
Let g(n) = n - 1. Let r be g(1). Suppose 4*k + 86 - 30 = r. List the prime factors of 1312/56 - 8/k.
2, 3
Suppose 2*b + 2*b - 1120 = 2*g, 5*g = -5*b + 1415. Let c = b - 193. List the prime factors of c.
2, 11
Let t = 118 - 14. Suppose 0 = -u + t - 4. Suppose 8*m = 3*m + u. What are the prime factors of m?
2, 5
Let g = -2 - 2. Let u be ((-6)/(-4))/((-2)/g). Suppose -u*h + 45 + 21 = 0. What are the prime factors of h?
2, 11
Let g(d) = 2*d**2 + 5*d - 26. What are the prime factors of g(-19)?
601
Let h(s) = -531*s + 85. List the prime factors of h(-2).
31, 37
Let b(y) = -32*y**3 + y**2. Suppose u + u = -8. Let w be (2/u)/1*2. What are the prime factors of b(w)?
3, 11
Suppose 3*n + 4*d = 615, -5*n + 2*n - 3*d = -615. Suppose n + 10 = 5*t. List the prime factors of t.
43
List the prime factors of (-1526)/2*(-36)/84.
3, 109
Suppose -1719 = -5*m + 1206. List the prime factors of m.
3, 5, 13
Let h(b) = -30*b - 7. Let u be h(-7). Suppose 4*a - u = 265. Suppose -3*c = -3*z + a, 2*z - 61 = -4*c + 23. What are the prime factors of z?
2, 5
Suppose 0 = 16*y - 6*y - 40. List the prime factors of y/(-20) + (-472)/(-10).
47
Let h = -26 - -20. List the prime factors of (-3)/2 + (-363)/h.
59
Let r(k) = 0*k**2 + 17*k**2 + 1 - 5*k + 3*k. What are the prime factors of r(-2)?
73
Let q(z) = -z**3 + 12*z**2 - 17*z - 22. Let w be q(10). List the prime factors of 14 - (w + -3)/10*-4.
2
Let d = 532 - 14. What are the prime factors of d?
2, 7, 37
Let b = 21 - 15. Let x(i) = 9*i - 9*i + 7 + b*i**2 - i**3 - 6*i. List the prime factors of x(5).
2
Suppose 2*k = -0*k + 2*c + 60, -5*c = -k + 14. Let d = k + 2. What are the prime factors of d?
2, 3
Let r be (26/8 + -2)*4. Suppose -10*q = -r*q - 100. Let f = 44 - q. List the prime factors of f.
2, 3
Suppose k = 4*k - o - 952, -4*k + 1291 = 3*o. List the prime factors of k.
11, 29
Let g be (111/(-3))/((-2)/(-2)). Let o = -33 - g. What are the prime factors of o?
2
Suppose 148618 = 29*t + 9*t. What are the prime factors of t?
3911
Suppose 0 = 8*i + 2*i - 20. List the prime factors of (-4)/(5 + 3) + 593/i.
2, 37
Let o be 22/8*(2 + 2). Let a be 3*10 + -9 + o. Suppose 3*f - a = -f. What are the prime factors of f?
2
Let q be 4/(-18) + 3 + 209/9. Let o be (4/2)/((-2)/(-13)). Let s = q - o. What are the prime factors of s?
13
Suppose -3*c + 9*c = 10530. Suppose c = -3*m + 16*m. What are the prime factors of m?
3, 5
Suppose 4*s + 4*b - 49 = 35, b + 89 = 4*s. Let q be (s/6)/(2/(-36)). Let z = -41 - q. List the prime factors of z.
5
Suppose 2*d - d = 7. Let g be 1/1*-2 + d. Suppose 97 = g*w - z + 2, 5*w + 4*z = 70. List the prime factors of w.
2, 3
Suppose 5283*w - 5276*w = 5257. What are the prime factors of w?
751
Let k be (-4 - 2)/(15/(-20)). Suppose k*w = 6*w + 326. List the prime factors of w.
163
Let y(z) = 86*z + 17. What are the prime factors of y(6)?
13, 41
Let p(g) = 19*g**3 - g**2 - 6*g + 15. List the prime factors of p(6).
3, 19, 71
Suppose 468 = -10*y + 7*y. List the prime factors of (y/16 + 4)*-16.
2, 23
Suppose -5*l = v - 260, 0 = -4*v + 3*l - 5*l + 968. What are the prime factors of v?
2, 3, 5
Let a(u) = 3*u**2 + 30*u - 47. Let l(g) = g**2 + 15*g - 23. Let o(y) = 2*a(y) - 5*l(y). List the prime factors of o(16).
37
Suppose 5*i = -8*k + 4*k + 2188, -4*i + 5*k = -1734. List the prime factors of i.
2, 109
Let u be 5/(-20) - (-27)/12. Suppose 4*c = u*c. Suppose c*x + x - 20 = 0. List the prime factors of x.
2, 5
Let y(k) = 890*k**2 + k - 2. What are the prime factors of y(1)?
7, 127
Suppose 0*p - p - 5*z - 20 = 0, -z = 2*p + 85. Let y = 119 + p. What are the prime factors of y?
2, 37
Let i(o) be the third derivative of o**6/120 - 7*o**5/60 + o**4/8 - 5*o**3/6 + 6*o**2. Let k be 2/(0 - 1) + 9. List the prime factors of i(k).
2
Suppose -19*r + 17*r = -266. Let q = -80 + r. Suppose -p + q - 10 = 0. List the prime factors of p.
43
Let g = 680 + -386. What are the prime factors of g?
2, 3, 7
Suppose 5*r - 15 - 5 = u, -4*u + 5*r - 20 = 0. Suppose m + 209 = p, -3*p = -u*p + 2*m - 627. What are the prime factors of p?
11, 19
Let z(j) = 20*j - 8. Let g be (-6)/10 - (-189)/(-35). Let s be z(g). List the prime factors of (-10)/35 + s/(-7).
2, 3
Let a be -6 - 9/(18/(-8)). Let o be -1 - ((-58)/(-1))/a. Suppose 0 = 4*x - 4*b - o, -2*x - 7*b - 4 = -3*b. What are the prime factors of x?
2
Suppose 1 = 2*x - 5. Suppose -5*o = 4*w + 16, x*w - 1 = -o - 13. Suppose o*p - 6*p + 312 = 0. List the prime factors of p.
2, 13
Suppose s - 2782 = -3*x, -4*s - 248 - 2559 = -3*x. What are the prime factors of x?
929
Let m(w) = -8*w - 17. Let j be m(-4). Suppose -4*c + 2*q + 171 = q, 3*q = j. List the prime factors of c.
2, 11
Suppose h = 6 - 10. List the prime factors of 1 + (h - 75/(-5)).
2, 3
Suppose -5*f - 10 + 33 = 3*q, 0 = 2*f + q - 10. Suppose 5 = c + f. What are the prime factors of (c - -5)/(-3)*-11?
11
Suppose -d + 8 = -33. Suppose -d = -4*j + 67. What are the prime factors of (j/(-15))/(9/(-30))?
2, 3
Let y(a) = 340*a**2 - 2*a + 2.